(b) = -a(b) - 3*n(b). Is j(-3) composite?
False
Let w(h) = 16 - 2*h**2 - 5 - 8*h - 7*h**2 - h**3. Is w(-9) a composite number?
False
Let q = 1769 + -1096. Is q a prime number?
True
Let f(u) = -u**3 - 5*u**2 + 2*u + 5. Let c be f(-5). Suppose 7*t = 6*t + 52. Let l = t + c. Is l composite?
False
Let r = -5 + 5. Suppose -5*d = r, 2*p - 2*d - 2*d - 4 = 0. Suppose -p*z = -4*z + 178. Is z a composite number?
False
Suppose 0 = -4*y - 0*y - 60. Suppose 5*q = -4*p - 76 + 24, 2*q + 25 = -3*p. Let s = q - y. Is s a composite number?
False
Let w(z) = -z**2 + 4*z + 3. Let q be w(4). Let y be 2/q + (-14)/21. Suppose y = 2*r - 0*r - 222. Is r a prime number?
False
Suppose 4*y - 6*y + 6 = -5*s, 5*s = 3*y - 9. Suppose s = 3*c + 2*c - 525. Let w = -36 + c. Is w prime?
False
Let s(a) be the first derivative of 3*a**2 + 3*a - 2. Let t be s(-4). Let z = -7 - t. Is z a prime number?
False
Suppose 3*v + 3*u - 12 = -0*u, 0 = -v - 2*u + 6. Suppose -8 = -3*j + 3*h - 2, v*j = -5*h + 32. Is j prime?
False
Suppose -605 = -5*b - 0*b. Is b a prime number?
False
Let k be (-4544)/(-14) - (-6)/14. Suppose -2*f + 323 = r, r = 2*r + 3*f - k. Is r a prime number?
False
Let u(t) = t**3 + 3*t + 3. Let b = 7 + -5. Suppose 20 = 3*j + b*j. Is u(j) prime?
True
Let p be ((-6)/5)/(15/50). Let j(b) = -5*b - 1. Is j(p) a composite number?
False
Let r be (-6)/(-4)*(0 - -2). Let z = -10 + r. Is (-12)/z*28/8 a prime number?
False
Let i(a) = a**3 - 12*a**2 + 12*a - 6. Let l be i(11). Let x = 66 - 28. Suppose -3*s = -l*f + f + x, 3*s + 27 = 3*f. Is f prime?
True
Let u(a) = 3*a**2. Let d be u(1). Suppose d*h - 2*h - 21 = 0. Is h prime?
False
Let m(s) = 2 - 3 - 9*s**3 + 3*s + 4*s**2 + 10*s**3. Is m(4) composite?
False
Let q = 117 + -64. Is q a composite number?
False
Let o be (-123)/6 - 1/(-2). Let r = o - -42. Is r composite?
True
Suppose 3*h - 25 = -5*d, -2*h + 55 = 5*d - 5*h. Suppose 4*n + n = -55. Let b = d - n. Is b a prime number?
True
Suppose 2*y = o + 1534, o - 2296 = -6*y + 3*y. Is y composite?
True
Let b(a) = 3*a - 4. Let u be b(3). Let q = u - -186. Is q composite?
False
Let q(x) = 231*x. Let f be q(2). Is (f/(-24))/(1/(-4)) a composite number?
True
Suppose 2*o = 202 + 324. Let v = -3 + 7. Suppose -n = -1, -5*f = 2*n - v*n - o. Is f a composite number?
False
Suppose -3*y + y - 4*q - 4 = 0, 0 = -2*y - 3*q - 1. Suppose 3*a + 65 = 2*l - 107, y*l - 3*a = 344. Is l a composite number?
True
Let h = -1 - -7. Let m(r) = -r**3 + 7*r**2 - 4*r - 5. Is m(h) a prime number?
True
Let n be ((-2)/3 + 1)*12. Suppose n*s = 197 + 111. Is s a prime number?
False
Suppose -7*s = -3532 - 955. Is s a composite number?
False
Let q(k) = -84*k**2 + 3*k + 4. Let w(y) = -84*y**2 + 2*y + 3. Let l(g) = 2*q(g) - 3*w(g). Is l(1) prime?
True
Suppose 4 = -4*m - 0. Let s be (-250)/(-3) + m/3. Suppose 0 = -2*l + 5*u + s, 5*l + 2*u + u - 161 = 0. Is l prime?
False
Suppose -5*n - 589 = -2594. Let g = -270 + n. Is g a prime number?
True
Suppose -16*r - 401 = -4785. Is r prime?
False
Let n(j) = j**2 + 4*j. Let y be n(-5). Suppose -5 = -2*t + y. Suppose -f + 109 = -5*k + 3*k, -4*k + 615 = t*f. Is f prime?
False
Suppose -2*l - 7 - 3 = 0. Let d be (4/l)/((-2)/15). Is (d - 4) + 47 + 0 a prime number?
False
Suppose -1466 = -0*v - 2*v. Is v composite?
False
Let r(w) = 9*w**2 + 6*w - 5. Is r(4) a composite number?
False
Is (-13704)/(-8) - (6 - 2) a composite number?
False
Suppose 0*l - 13 = l - 4*o, 3*o = 15. Let u(a) = -a**2 + 8*a - 9. Let g be u(l). Is g/2 + 0 + 10 a prime number?
False
Let p = -4 + 71. Is p a prime number?
True
Suppose -5*v + 292 = 2587. Let x = v - 24. Let u = 742 + x. Is u a composite number?
True
Let w(n) = 25*n**2. Suppose 5*u = a - 16, -3*a + 2 = 2*a + u. Is w(a) a prime number?
False
Let j = -2 + 357. Is j a prime number?
False
Let o = -6 - -14. Suppose d - 3*d - o = 0. Let c = d + 6. Is c a composite number?
False
Let f = 134 + 183. Is f prime?
True
Let j be (0/(-2))/((-9)/(-9)). Suppose 42 = k - j*k. Is (-103)/(-7) + 12/k a prime number?
False
Let s(p) = 3*p - 1. Let l be s(2). Suppose 2*h - 399 = -3*d, 2*h - l*d = -2*h + 809. Is h composite?
True
Is (-6)/(-27) + 4233/27 prime?
True
Let w = -162 + 76. Suppose 2*g = -4*v - 54 + 16, -3*g - 57 = 4*v. Let j = g - w. Is j a prime number?
True
Let c = -326 + 1023. Is c a composite number?
True
Let r = 9 - 9. Suppose r = -2*q + 17 - 3. Suppose 0 = -2*m - 1 + q. Is m a composite number?
False
Let o(a) = -a**2 - 27*a + 35. Is o(-17) a prime number?
False
Suppose 3*x - 171 = -2*p, -5*x - 5*p = -x - 228. Let c = 83 - x. Suppose -r - 7 = -c. Is r a prime number?
True
Let u = -89 - -124. Let j = 246 - u. Is j prime?
True
Suppose 5*l - 101 - 262 = -2*q, 0 = 2*l - 2. Is q prime?
True
Let s(w) = -w**3 - 2*w**2 + 4*w + 3. Let h be s(-3). Suppose -3*a = 2*a - 95. Let u = a - h. Is u composite?
False
Let r = -3 - -4. Suppose h - r = 4. Is (1490/(-4))/h*-2 a composite number?
False
Let p = -836 - -1593. Suppose 0 = -4*i + 3*i + p. Is i prime?
True
Suppose 5*d + m = 23, -4*d + 15 - 5 = -2*m. Let z be 16/(-6)*6/d. Is (38/z)/(4/(-8)) a composite number?
False
Suppose 24*d = 20*d + 636. Is d prime?
False
Let b = 15 + -24. Is 117 + b/3 + 1 prime?
False
Suppose -3*y - 8 = -7*y. Suppose 3*c = -z + 100, -2*z - 4*c = -y*c - 180. Is z prime?
False
Let f be ((-195)/9)/((-1)/(-3)). Let c = -142 - -284. Let h = f + c. Is h a composite number?
True
Suppose 1842 = -9*b + 15*b. Is b composite?
False
Suppose 0 = -5*u + 3*u - 62. Suppose 38 + 178 = -4*v. Let y = u - v. Is y a prime number?
True
Suppose -7*d + 45 = -2*d. Let w(h) = 6*h**2 - 11*h + 10. Let g(j) = 7*j**2 - 11*j + 11. Let t(i) = 5*g(i) - 6*w(i). Is t(d) composite?
False
Suppose -6 + 21 = 5*t, 2*t + 18 = -m. Let s be (-2)/10 - m/20. Is (-356)/8*(-2)/s prime?
True
Let c be 1/2 + (-750)/4. Let v = -30 - c. Is v a prime number?
True
Suppose 0 = 4*m + 4*b - 20, 0*b + 4 = 4*m - 4*b. Suppose -4*t + m*f + 9 = 0, 3*t + 2*f - 4 = -10. Suppose 2*g + 0*h - 4*h - 226 = t, -4*h = 0. Is g prime?
True
Suppose -926 + 179 = -3*q. Suppose h = 2*j - 209 - 295, -j - h = -q. Is j a composite number?
False
Suppose 7*v = 8*v - 146. Is v a composite number?
True
Let t = 1280 - 723. Is t prime?
True
Let m = -19 + 13. Let q = -4 - m. Is q*(-13)/(-2) + 1 a prime number?
False
Let f be ((-6)/4)/((-3)/6). Suppose 3*u = 3 + f. Suppose 3*c - 265 = -u*w, 2*w - 5*w + 3*c + 390 = 0. Is w a composite number?
False
Suppose 0*n - 4*n + 212 = 0. Is n composite?
False
Let y be -2 + 0 + 1 + 1. Suppose y*r - 134 = -2*r. Is r composite?
False
Let h(b) = 3 + 27*b + 4*b + 5 - 5. Is h(2) a composite number?
True
Let d(i) = 3*i**2 - 2*i + 9. Suppose 0 = -5*h - 27 - 13. Is d(h) a prime number?
False
Suppose -597 = -5*x - 27. Let h = x + -23. Is h a composite number?
True
Let f(v) be the second derivative of 13/6*v**3 + 0 + 1/2*v**2 + v. Is f(4) a composite number?
False
Let w(f) = -9*f + 35. Is w(-6) prime?
True
Suppose w = 2*c - 0*w - 121, -w = 3*c - 174. Is c prime?
True
Let o(f) = 2*f + 9. Let r be o(-6). Is (-106)/((-2)/r*-3) a prime number?
True
Suppose -5*x + 407 = d, 2*d - x = 194 + 642. Is d a composite number?
True
Let g be 0*(1/(-2) - 0). Let v = -6 - g. Let i(u) = -u**2 - 7*u - 3. Is i(v) composite?
False
Let u(x) = x - 4. Let h(b) = b - 4. Let g(f) = -4*h(f) + 5*u(f). Is g(6) a composite number?
False
Let m(x) be the first derivative of 4*x**3 + 5*x**2/2 + 4*x - 2. Is m(3) a composite number?
False
Suppose -3*j + 1101 = -6*j. Let r = j - -560. Let s = -51 + r. Is s prime?
False
Let m(x) = 13*x - 16. Is m(11) a composite number?
False
Let y = -6 + -1977. Is (-4)/(-26) + y/(-39) a composite number?
True
Let b = -15 + 18. Suppose 0 = 2*z + b*a - 1376, -4*a + 0*a = 2*z - 1378. Is z a composite number?
True
Suppose -5*h + 2*g = -10185, -3*h + 6132 = -0*h + 3*g. Is h prime?
True
Let r(h) = 24*h**3 + 2*h**2 - h. Let i be r(1). Suppose -4*p + 4*j - 12 = -2*p, p + 4*j = -6. Let z = i + p. Is z a prime number?
True
Suppose 0 = -a + q + q + 4, 4*a - 3*q - 6 = 0. Suppose a = 4*x - x - 75. Is x a prime number?
False
Suppose -g - 27 = -166. Is g a prime number?
True
Suppose 17*i - 21*i + 3556 = 0. Is i composite?
True
Let o(f) = 205*f - 1. Let s be o(1). Suppose 22 = -k - 2*j - 1, -5*k - 108 = 3*j. Is 2/7 - s/k a prime number?
False
Let l(j) = 43*j. Is l(11) a composite num